{"id":503,"date":"2023-11-01T17:37:00","date_gmt":"2023-11-01T16:37:00","guid":{"rendered":"https:\/\/editha-dev.bruchstudios.de\/?page_id=503"},"modified":"2023-11-01T18:00:48","modified_gmt":"2023-11-01T17:00:48","slug":"franzoesisch","status":"publish","type":"page","link":"https:\/\/editha-dev.bruchstudios.de\/index.php\/franzoesisch\/","title":{"rendered":"Franz\u00f6sisch"},"content":{"rendered":"\n<h1 class=\"wp-block-heading\">Fachschaft Franz\u00f6sisch<\/h1>\n\n\n\n<figure class=\"wp-block-image\"><a href=\"https:\/\/www.gym-editha.bildung-lsa.de\/dat\/cms1003288\/images\/Fachschaften\/frz.jpg\"><img decoding=\"async\" src=\"https:\/\/www.gym-editha.bildung-lsa.de\/cms\/thumbs.php?src=\/dat\/cms1003288\/images\/Fachschaften\/frz.jpg&amp;w=666\" alt=\"frz.jpg\" title=\"frz.jpg\"\/><\/a><\/figure>\n\n\n\n<p>v.l.n.r.: Frau Giesecke und Frau Arras<\/p>\n\n\n\n<hr class=\"wp-block-separator has-alpha-channel-opacity\"\/>\n\n\n\n<h1 class=\"wp-block-heading\">Bonjour<\/h1>\n\n\n\n<p>Bonjour! Comment \u00e7a va?<br>Mein Name ist Kristin Giesecke und ich bin seit dem Schuljahr 2019\/20 als Franz\u00f6sischlehrerin am<br>Editha-Gymnasium t\u00e4tig. Ich habe vorher l\u00e4ngere Zeit an einer Privatschule unterrichtet. Studiert<br>habe ich die F\u00e4cher Franz\u00f6sisch und Englisch in Halle und mein Referendariat absolvierte ich in Berlin.<br>In meiner Freizeit reise ich sehr gern u.a. nach Frankreich, insbesondere in den S\u00fcden, da ich dort im<br>malerischen Perpignan mein Auslandsjahr verbracht habe. Ich hoffe sehr, meine Liebe zu Frankreich<br>den Sch\u00fclern n\u00e4her bringen zu k\u00f6nnen, was mir durch hoffentlich viele Sprachreisen \/<br>Sch\u00fcleraustausche gelingen wird. In diesem Sinne verbleibe ich mit den Worten<br>Au revoir et \u00e0 bient\u00f4t.<br>Mme Giesecke<\/p>\n\n\n\n<p>Bonjour. Je m\u2019appelle Mme Arras. \u2026<br>Mein Name ist Manuela Arras und ich unterrichte am Editha-Gymnasium Franz\u00f6sisch und Englisch. Studiert habe ich an den Universit\u00e4ten in Magdeburg, Halle und Nottingham.<br>In meiner Freizeit bin ich aktiv, ich fahre gern Fahrrad und ich reise auch gern, vor allem in den S\u00fcden. Au\u00dferdem lese ich leidenschaftlich gern.<br>Eine Fremdsprache zu erlernen, bedeutet nicht nur die richtige Vokabel zu wissen, sondern erm\u00f6glicht es uns, andere L\u00e4nder kennenzulernen, in andere Kulturen einzutauchen. Und das unterst\u00fctze ich mit meiner Arbeit im Unterricht genauso wie mit der Organisation von Sprachreisen und Sch\u00fcleraustauschen. Wir sehen uns. Au revoir et \u00e0 bient\u00f4t en classe et en France.<br>Mme Arras<\/p>\n\n\n\n<p><br>Bonjour!<\/p>\n\n\n\n<p>Mein Name ist Johannes Garten und ich unterrichte am Editha-Gymnasium Geschichte, Latein und Franz\u00f6sisch. Schon als Kind hatte ich gro\u00dfes Interesse an diesen drei F\u00e4chern und las begeistert die Comics von Asterix. Daran hat sich grunds\u00e4tzlich nichts ge\u00e4ndert, au\u00dfer dass die B\u00fccher immer dicker wurden. Nach Stationen in Heidelberg, Paris, Stuttgart und Mannheim freue ich mich darauf, jetzt zusammen mit euch ab der 7. Klasse Franz\u00f6sisch zu lernen, z. B. im Austausch mit unserer Partnerschule in Orl\u00e9ans.<\/p>\n\n\n\n<p>\u00c0 bient\u00f4t.<\/p>\n\n\n\n<p>M. Garten<\/p>\n\n\n\n<hr class=\"wp-block-separator has-alpha-channel-opacity\"\/>\n\n\n\n<h1 class=\"wp-block-heading\">Einblicke in die zweite bzw. dritte Fremdsprache<\/h1>\n\n\n\n<figure class=\"wp-block-embed\"><div class=\"wp-block-embed__wrapper\">\nhttps:\/\/padlet.com\/ProfeFoerster\/3j8xqoi9pzltoeme\n<\/div><\/figure>\n","protected":false},"excerpt":{"rendered":"<p>Fachschaft Franz\u00f6sisch v.l.n.r.: Frau Giesecke und Frau Arras Bonjour Bonjour! Comment \u00e7a va?Mein Name ist Kristin Giesecke und ich bin seit dem Schuljahr 2019\/20 als Franz\u00f6sischlehrerin amEditha-Gymnasium t\u00e4tig. Ich habe vorher l\u00e4ngere Zeit an einer Privatschule unterrichtet. Studierthabe ich die F\u00e4cher Franz\u00f6sisch und Englisch in Halle und mein Referendariat absolvierte ich in Berlin.In meiner Freizeit&hellip;&nbsp;<a href=\"https:\/\/editha-dev.bruchstudios.de\/index.php\/franzoesisch\/\" rel=\"bookmark\">Weiterlesen &raquo;<span class=\"screen-reader-text\">Franz\u00f6sisch<\/span><\/a><\/p>\n","protected":false},"author":1,"featured_media":0,"parent":0,"menu_order":0,"comment_status":"closed","ping_status":"closed","template":"","meta":{"_eb_attr":"","neve_meta_sidebar":"","neve_meta_container":"","neve_meta_enable_content_width":"","neve_meta_content_width":0,"neve_meta_title_alignment":"","neve_meta_author_avatar":"","neve_post_elements_order":"","neve_meta_disable_header":"","neve_meta_disable_footer":"","neve_meta_disable_title":"","footnotes":""},"class_list":["post-503","page","type-page","status-publish","hentry"],"aioseo_notices":[],"_links":{"self":[{"href":"https:\/\/editha-dev.bruchstudios.de\/index.php\/wp-json\/wp\/v2\/pages\/503","targetHints":{"allow":["GET"]}}],"collection":[{"href":"https:\/\/editha-dev.bruchstudios.de\/index.php\/wp-json\/wp\/v2\/pages"}],"about":[{"href":"https:\/\/editha-dev.bruchstudios.de\/index.php\/wp-json\/wp\/v2\/types\/page"}],"author":[{"embeddable":true,"href":"https:\/\/editha-dev.bruchstudios.de\/index.php\/wp-json\/wp\/v2\/users\/1"}],"replies":[{"embeddable":true,"href":"https:\/\/editha-dev.bruchstudios.de\/index.php\/wp-json\/wp\/v2\/comments?post=503"}],"version-history":[{"count":2,"href":"https:\/\/editha-dev.bruchstudios.de\/index.php\/wp-json\/wp\/v2\/pages\/503\/revisions"}],"predecessor-version":[{"id":571,"href":"https:\/\/editha-dev.bruchstudios.de\/index.php\/wp-json\/wp\/v2\/pages\/503\/revisions\/571"}],"wp:attachment":[{"href":"https:\/\/editha-dev.bruchstudios.de\/index.php\/wp-json\/wp\/v2\/media?parent=503"}],"curies":[{"name":"wp","href":"https:\/\/api.w.org\/{rel}","templated":true}]}}