{"id":469,"date":"2023-10-31T12:14:03","date_gmt":"2023-10-31T11:14:03","guid":{"rendered":"https:\/\/editha-dev.bruchstudios.de\/?page_id=469"},"modified":"2023-10-31T12:16:27","modified_gmt":"2023-10-31T11:16:27","slug":"downloads","status":"publish","type":"page","link":"https:\/\/editha-dev.bruchstudios.de\/index.php\/downloads\/","title":{"rendered":"Downloads"},"content":{"rendered":"\n<h1 class=\"wp-block-heading\">Hier finden Sie die wichtigsten Unterlagen zum Nachlesen<\/h1>\n\n\n\n<p><strong>Wege zum Schulabschluss:<\/strong><\/p>\n\n\n\n<p><a href=\"https:\/\/www.gym-editha.bildung-lsa.de\/dat\/cms1003288\/images\/wege_zum_schulabschluss.pdf\">Pr\u00e4sentation der Infoveranstaltung vom 27.4.<\/a><strong><a href=\"https:\/\/www.gym-editha.bildung-lsa.de\/dat\/cms1003288\/images\/wege_zum_schulabschluss.pdf\"><\/a><\/strong><\/p>\n\n\n\n<p><strong>Oberstufe:<\/strong><\/p>\n\n\n\n<p><a href=\"https:\/\/www.gym-editha.bildung-lsa.de\/dat\/cms1003288\/images\/infoblatt_einfuehrungsphase.pdf\">Infoblatt zur Einf\u00fchrungsphase<\/a><\/p>\n\n\n\n<p><a href=\"https:\/\/www.gym-editha.bildung-lsa.de\/dat\/cms1003288\/images\/infoblatt_entschuldigungen.pdf\" target=\"_blank\" rel=\"noreferrer noopener\">Entschuldigungen in der Oberstufe<\/a><\/p>\n\n\n\n<p>I<a href=\"https:\/\/www.gym-editha.bildung-lsa.de\/dat\/cms1003288\/images\/infoblatt_qualiphase.pdf\">nfoblatt zur Qualifikationsphase<\/a><\/p>\n\n\n\n<p><a href=\"https:\/\/www.gym-editha.bildung-lsa.de\/dat\/cms1003288\/images\/regeln_handy_oberstufe.pdf\">Handyregeln f\u00fcr die Oberstufe<\/a><\/p>\n\n\n\n<p><\/p>\n\n\n\n<h1 class=\"wp-block-heading\">B\u00fccherzettel f\u00fcr das Schuljahr 2023\/2024<\/h1>\n\n\n\n<p>Liebe Eltern,<\/p>\n\n\n\n<p>die B\u00fccherzettel f\u00fcr das neue Schuljahr sind ausgegeben. Bitte f\u00fcllen Sie diese gewissenhaft und zeitnah aus und \u00fcberweisen Sie die Leihgeb\u00fchr bis zum angegebenen Termin.&nbsp;<\/p>\n\n\n\n<p>Auch in diesem Jahr bieten wir Ihnen wieder die M\u00f6glichkeit an, eine Sammelbestellung f\u00fcr die Kaufexemplare abzugeben und die B\u00fccher dann zu vorgegebenem Termin in der Schule k\u00e4uflich zu erwerben. Die Bestellformulare daf\u00fcr haben Ihre Kinder in der Schule erhalten.<\/p>\n\n\n\n<p>Alle B\u00fccherzettel sowie das Formular und Infos zur Lernmittelkostenentlastung finden Sie auch hier:<\/p>\n\n\n\n<p><a href=\"https:\/\/www.gym-editha.bildung-lsa.de\/dat\/cms1003288\/images\/bz_5_2023_2024.pdf\">bz_5_2023_2024.pdf<\/a><\/p>\n\n\n\n<p><a href=\"https:\/\/www.gym-editha.bildung-lsa.de\/dat\/cms1003288\/images\/bz_6_2023_2024.pdf\">bz_6_2023_2024.pdf<\/a><\/p>\n\n\n\n<p><a href=\"https:\/\/www.gym-editha.bildung-lsa.de\/dat\/cms1003288\/images\/bz_7_2023_2024.pdf\">bz_7_2023_2024.pdf<\/a><\/p>\n\n\n\n<p><a href=\"https:\/\/www.gym-editha.bildung-lsa.de\/dat\/cms1003288\/images\/bz_8_2023_2024.pdf\">bz_8_2023_2024.pdf<\/a><\/p>\n\n\n\n<p><a href=\"https:\/\/www.gym-editha.bildung-lsa.de\/dat\/cms1003288\/images\/bz_9_2023_2024.pdf\">bz_9_2023_2024.pdf<\/a><\/p>\n\n\n\n<p><a href=\"https:\/\/www.gym-editha.bildung-lsa.de\/dat\/cms1003288\/images\/bz_10_2023_2024.pdf\">bz_10_2023_2024.pdf<\/a><\/p>\n\n\n\n<p><a href=\"https:\/\/www.gym-editha.bildung-lsa.de\/dat\/cms1003288\/images\/bz_11_2023_2024.pdf\">bz_11_2023_2024.pdf<\/a><\/p>\n\n\n\n<p><a href=\"https:\/\/www.gym-editha.bildung-lsa.de\/dat\/cms1003288\/images\/bz_12_2023_2024.pdf\">bz_12_2023_2024.pdf<\/a><\/p>\n\n\n\n<p><a href=\"https:\/\/www.gym-editha.bildung-lsa.de\/dat\/cms1003288\/images\/lernmittelkostenentlastung_antrag.pdf\">lernmittelkostenentlastung_antrag.pdf<\/a><\/p>\n","protected":false},"excerpt":{"rendered":"<p>Hier finden Sie die wichtigsten Unterlagen zum Nachlesen Wege zum Schulabschluss: Pr\u00e4sentation der Infoveranstaltung vom 27.4. Oberstufe: Infoblatt zur Einf\u00fchrungsphase Entschuldigungen in der Oberstufe Infoblatt zur Qualifikationsphase Handyregeln f\u00fcr die Oberstufe B\u00fccherzettel f\u00fcr das Schuljahr 2023\/2024 Liebe Eltern, die B\u00fccherzettel f\u00fcr das neue Schuljahr sind ausgegeben. Bitte f\u00fcllen Sie diese gewissenhaft und zeitnah aus und&hellip;&nbsp;<a href=\"https:\/\/editha-dev.bruchstudios.de\/index.php\/downloads\/\" rel=\"bookmark\">Weiterlesen &raquo;<span class=\"screen-reader-text\">Downloads<\/span><\/a><\/p>\n","protected":false},"author":1,"featured_media":0,"parent":0,"menu_order":0,"comment_status":"closed","ping_status":"closed","template":"","meta":{"_eb_attr":"","neve_meta_sidebar":"","neve_meta_container":"","neve_meta_enable_content_width":"","neve_meta_content_width":0,"neve_meta_title_alignment":"","neve_meta_author_avatar":"","neve_post_elements_order":"","neve_meta_disable_header":"","neve_meta_disable_footer":"","neve_meta_disable_title":"","footnotes":""},"class_list":["post-469","page","type-page","status-publish","hentry"],"aioseo_notices":[],"_links":{"self":[{"href":"https:\/\/editha-dev.bruchstudios.de\/index.php\/wp-json\/wp\/v2\/pages\/469","targetHints":{"allow":["GET"]}}],"collection":[{"href":"https:\/\/editha-dev.bruchstudios.de\/index.php\/wp-json\/wp\/v2\/pages"}],"about":[{"href":"https:\/\/editha-dev.bruchstudios.de\/index.php\/wp-json\/wp\/v2\/types\/page"}],"author":[{"embeddable":true,"href":"https:\/\/editha-dev.bruchstudios.de\/index.php\/wp-json\/wp\/v2\/users\/1"}],"replies":[{"embeddable":true,"href":"https:\/\/editha-dev.bruchstudios.de\/index.php\/wp-json\/wp\/v2\/comments?post=469"}],"version-history":[{"count":2,"href":"https:\/\/editha-dev.bruchstudios.de\/index.php\/wp-json\/wp\/v2\/pages\/469\/revisions"}],"predecessor-version":[{"id":474,"href":"https:\/\/editha-dev.bruchstudios.de\/index.php\/wp-json\/wp\/v2\/pages\/469\/revisions\/474"}],"wp:attachment":[{"href":"https:\/\/editha-dev.bruchstudios.de\/index.php\/wp-json\/wp\/v2\/media?parent=469"}],"curies":[{"name":"wp","href":"https:\/\/api.w.org\/{rel}","templated":true}]}}